+ 3*s + 0 = -12, 3*j = s + f. What are the prime factors of j?
3
Let t be -3 + 5 - (-1 + 3). Suppose 3*d + 4*z - 169 = t, z + 39 = d - 2*z. Suppose -d = -5*r - 4*s, 2*r - 36 = -r + 3*s. What are the prime factors of r?
11
Let d(f) = 4*f**2 - 4*f + 4. Let u(v) = v**2 - 1. Let m(o) = d(o) - 3*u(o). What are the prime factors of m(6)?
19
Let w be ((-2)/(-6))/(3/18). Suppose w*t + 4*v - 127 = -v, -329 = -5*t - v. Suppose 5*u + 26 = t. List the prime factors of u.
2
List the prime factors of ((-6)/(-4))/(30/160).
2
Let i be 6 - 6/((-4)/2). Let q = i - 6. Suppose q*c + 2*c - 75 = 0. List the prime factors of c.
3, 5
Let y = -453 - -255. What are the prime factors of y/(-12) - (-1)/2?
17
Let h(r) = r**3 - 8*r**2 + 8*r + 8. What are the prime factors of h(7)?
3, 5
Let a(g) = 4*g**2 - 6*g - 8. Let k(s) = -3*s**2 + 6*s + 7. Let d(p) = 4*a(p) + 5*k(p). Let q be d(-6). Suppose -q*u + 12 = -18. List the prime factors of u.
2, 5
Let q(t) = t**3 - 11*t**2 + 12*t + 4. What are the prime factors of q(10)?
2, 3
Let b(d) = d**2 - 6*d - 5. Let t be b(7). Let r = 8 - t. List the prime factors of r.
2, 3
Let y(u) = u**3 - 10*u**2 - 6*u - 10. What are the prime factors of y(11)?
3, 5
Let a = -7 + 11. Suppose -5*i - 10 = 0, a*i = -g - 0*g. Suppose -n - g = -22. What are the prime factors of n?
2, 7
Let s(w) = -1. Let a(t) = -3*t**2 - 2*t + 5. Let p(u) = -a(u) - 3*s(u). What are the prime factors of p(-2)?
2, 3
List the prime factors of 3/12 + 1/((-8)/(-1262)).
2, 79
Let f = -26 - -51. What are the prime factors of f?
5
Let d(s) = s**3 - 5*s**2 + 4*s - 1. Suppose -4*m + 35 = 3*c, 3*c + 5*m - 20 = 4*c. What are the prime factors of d(c)?
19
Let k(j) = j + 8. Let g be k(-5). Suppose 118 - 1 = g*v. List the prime factors of v.
3, 13
What are the prime factors of (2/(-6))/((-2)/12)?
2
Suppose -4*z + 64 = -132. What are the prime factors of z?
7
Suppose -21*q + 23*q - 186 = 0. List the prime factors of q.
3, 31
Suppose d = 4*x + 88, 2*x + 71 = -3*d + 27. Let v = -5 - x. What are the prime factors of v?
17
Suppose -2*p + 34 + 24 = 0. List the prime factors of p.
29
Let v = -14 - -20. Suppose v = 5*i + z - 5*z, 4*i = -z + 9. What are the prime factors of i?
2
Suppose 4 + 2 = -2*l. Let c = l - -2. Let a = c - -6. What are the prime factors of a?
5
Let t(j) = -9*j - 12. List the prime factors of t(-4).
2, 3
Suppose -2*u - 410 = -5*g - 0*u, -425 = -5*g + 5*u. List the prime factors of g.
2, 5
Suppose 4*w - 36 = 6*w. Let i be w/(-5) - (-6)/15. Suppose r = -i*r + 80. What are the prime factors of r?
2
Suppose -2*m - 8 = 2*m. List the prime factors of (m + 3)/((-2)/(-26)).
13
Suppose 5*s = 0, 2*u - 4*s + 10 = 4*u. Suppose 5*p - 4*m + 2*m = -89, -5*m = -u*p - 95. Let v = p + 35. What are the prime factors of v?
2, 3
Let g be -11 - -6 - -2*1. List the prime factors of g/1*(-1 - 0).
3
Let b(a) = 2*a**2 + 7*a - 8. What are the prime factors of b(-7)?
41
Let s = -8 + 10. Suppose -m = m - s. What are the prime factors of (m - 0)/((-4)/(-28))?
7
Suppose 298 = 5*c + 13. Let k be c/12 - (-2)/8. Let r = k + 3. List the prime factors of r.
2
Suppose -5*f + 10 = 5*v, 7*f + v = 3*f + 17. Suppose -f*r - 17 = 13. List the prime factors of (-17)/((-2)/(r/(-3))).
17
Suppose 4*c = 106 - 18. Let v = 50 - c. List the prime factors of v.
2, 7
Suppose 12 = 4*l - 5*m, -l + 6 = l - 5*m. Suppose 5*w + 5 = -l*p, 5*w - 4*w = -1. What are the prime factors of -1 - -5 - (0 + p)?
2
Let v(q) = 4*q + 1. Let w be v(1). Suppose 25 = w*b, b = -i - i + 13. What are the prime factors of i?
2
Suppose -2*n + 13 + 13 = 0. Suppose -2*h + 73 = -n. What are the prime factors of h?
43
Suppose 5*k + h - 286 - 276 = 0, 5*h - 570 = -5*k. What are the prime factors of k?
2, 7
Let n(k) be the third derivative of k**5/30 + k**4/24 + k**3/6 + 5*k**2. What are the prime factors of n(3)?
2, 11
Let v(i) = i**3 - 3*i**2 - 5*i + 3. Suppose 0*m = m - 4. Let w be v(m). What are the prime factors of (w/3)/((-4)/132)?
11
Let s(k) = -k**2 - 19*k - 16. What are the prime factors of s(-15)?
2, 11
Let u(h) = 9*h + 3. Suppose 4*f + 5*j = -8, 23 = -f - 5*j + 6. Let q be u(f). Suppose -7*a + q = -2*a. List the prime factors of a.
2, 3
Suppose 5*c + 10 = -2*o, -2*c - 1 = o + 3. Let s = -4 - -6. Let i = s - c. List the prime factors of i.
2
Let h = -10 + 14. Suppose -3*b + 15 = 5*w, 3*w - h*b = 52 - 14. What are the prime factors of w?
2, 3
Suppose 11 = k + 4*n, -5*n - 74 = -5*k - 19. Let s be 2/((-168)/(-81) - 2). Let u = s - k. List the prime factors of u.
2
Suppose -29 = 5*x - 4*x. Let v = -4 - x. Suppose -5*u + 25 = -v. List the prime factors of u.
2, 5
Let k = 18 + 17. List the prime factors of k.
5, 7
Let z(t) be the third derivative of t**4/24 - 5*t**3/3 - 2*t**2. Let h be z(12). What are the prime factors of (18/(-5))/(h/(-10))?
2, 3
Suppose 0 = -2*z - 5*a + a + 100, -3*z - a + 145 = 0. What are the prime factors of z?
2, 3
Let a be 2/7 - (-2424)/(-56). Let c = a - -27. Let q = c - -26. What are the prime factors of q?
2, 5
Suppose -4*d + 15 = d, -72 = -5*q - 4*d. Suppose 5*n = -0*o + 3*o + 8, -4*n = -o - 12. Suppose -o*l - q = 4, s + 4*l - 4 = 0. List the prime factors of s.
2, 5
Suppose 4785 = 2*y + 13*y. List the prime factors of y.
11, 29
Let o = 34 + -12. List the prime factors of o.
2, 11
List the prime factors of (-21)/(2/(-3)*(-21)/(-14)).
3, 7
Let c(q) = -q**2 + 110. Let k be c(0). Suppose 2*o - k = -3*o. What are the prime factors of o?
2, 11
Let j(t) = 27*t + 1. Let h(p) = -1. Let d(g) = h(g) + j(g). List the prime factors of d(1).
3
Suppose -n + 8 - 1 = r, -4*r = -3*n - 28. List the prime factors of r.
7
Let b = -2 + 8. Suppose 2*w = -4 + b, -5*m - 2*w + 12 = 0. List the prime factors of m.
2
Let p(i) = i + 6. Let l be (-26)/8 + (-1)/(-4). Let y be p(l). Suppose 6*t - y*t = 9. What are the prime factors of t?
3
Let q = 55 - 17. What are the prime factors of q?
2, 19
Suppose 4*u + 1 = 17, 2*h - 24 = -3*u. Let p(g) = h*g - 6*g - 1 + 7*g**2. List the prime factors of p(1).
2, 3
Suppose o - 6 = -3*o - 5*l, 0 = o - l - 6. Suppose -2*n - o = -14. List the prime factors of n.
5
Let r(w) = -25*w - 42. List the prime factors of r(-7).
7, 19
Let j(x) = x**3 - 4*x**2 + 4*x + 3. Let w(d) = 5*d - 1. Let n be w(1). List the prime factors of j(n).
19
Let o = 29 + -24. Let b = 10 - o. List the prime factors of b.
5
What are the prime factors of ((-1550)/(-15))/((-1)/3*-2)?
5, 31
Let v = -14 + 25. What are the prime factors of v?
11
Let y be (-2 - (1 + 0))*7. List the prime factors of (-196)/y + (-4)/(-6).
2, 5
Let y be -5*(-4)/(-8)*-2. Suppose 5*u = -y*d + 125, 5*d - 2*u = 124 + 29. List the prime factors of d.
29
Let l be ((-9)/(-6) - 2)*-4. Suppose 19 + l = 3*j. List the prime factors of j.
7
Suppose -g = 3*p + 2*g - 588, 0 = p - g - 186. What are the prime factors of p?
191
Let u = 87 + -22. Let c = -15 + u. List the prime factors of c.
2, 5
What are the prime factors of 2*(0 - 3/2) + 45?
2, 3, 7
Suppose -4*r - 47 = -j, -r = 4*j - 2 - 237. What are the prime factors of j?
59
Suppose x - 150 = -q, 0 = 5*q - q. Suppose -r + 2*r + 3*c - 16 = 0, 0 = 5*r + c - x. What are the prime factors of r?
31
Suppose -u = -3*x - 8, x = -3*x - 5*u + 2. Let b be -3 - x/((-2)/(-7)). List the prime factors of 1/b + (-306)/(-24).
13
Let f(r) = -r + 28. Let z(l) = -l + 1. Let q be z(1). Let m be f(q). Suppose 0 = -5*u + 6*t - 4*t + 38, 3*u + 4*t = m. List the prime factors of u.
2
Let n(u) be the third derivative of 5*u**4/24 + 4*u**3/3 + 4*u**2. What are the prime factors of n(4)?
2, 7
Suppose -40 + 260 = 5*g. Let i = -24 + g. What are the prime factors of i?
2, 5
Let a(v) = -5*v**3 + v**2 + v. Let l be a(-1). Let m(x) = -x - 3. Let u(d) = -2*d - 5. Let r(i) = l*u(i) - 8*m(i). List the prime factors of r(-2).
3
Suppose -3*q + t + 2*t = 0, 2*q - 4 = t. Suppose 0 = s + q*s - 75. Let n = s - 4. List the prime factors of n.
11
Suppose -5*a + h = -9 - 0, 0 = -4*a + h + 7. Suppose -a*j + 5 = 1. Suppose 0 = -j*r + 7 + 5. List the prime factors of r.
2, 3
Suppose 0*i = -5*i + 25, -5*r - i + 25 = 0. Suppose 2*k = 3*b + 10, -5*b = -6*b - 3*k + r. Let j = b - -7. What are the prime factors of j?
5
Let j(w) = w**3 + 5*w**2 - 4. Let l = 7 - 11. List the prime factors of j(l).
2, 3
Suppose 9*q - 636 - 102 = 0. List the prime factors of q.
2, 41
Let o(m) = -2*m**2 - 5*m +